pose 0 = k + 2*z, -2*z - 42 = -5*k + 2*z. Suppose -c + k = -11. What is the tens digit of c?
1
Suppose n - 10 = -4*n. Suppose -3*o + n = -2*k, 2*k = k + 3*o - 4. Suppose -k*f - 5*j + 45 = 3*f, 63 = 5*f - j. What is the units digit of f?
2
Let g(f) = 3 + 7*f**2 + 4*f**3 - 8*f - 3*f**3 - 2*f**3. What is the tens digit of g(5)?
1
Let s = 33 - -2. What is the units digit of s?
5
Let l = -30 - -73. What is the tens digit of l?
4
Let h(l) = -l + 21. Suppose 0 = -7*q + 2*q. What is the units digit of h(q)?
1
Let c(n) = n**2 + 11*n - 15. What is the tens digit of c(6)?
8
Suppose 0 = 5*v - 8 - 7. Suppose 0*n + 2*n - 14 = -2*r, v*r + n = 11. Suppose 2*h = -5*m + 5, 4 = -2*m - r. What is the units digit of h?
0
Let x = 18 + -13. Suppose w - 3*w + 40 = u, 220 = x*u + 5*w. What is the tens digit of u?
4
Let o(f) = f**2 + 8*f + 18. What is the tens digit of o(-11)?
5
Suppose 4*x = 13 + 3. Suppose 3*a + a + 4*f - 12 = 0, 3*f - 13 = -x*a. Suppose 11 = a*g - 5. What is the units digit of g?
4
Suppose 119 = -0*z + 4*z + 3*u, -3*u = -5*z + 169. What is the tens digit of z?
3
Let h = 11 + -2. What is the units digit of h?
9
Let m(c) = -16*c. Let d be m(-1). Let a = d + 9. What is the tens digit of a?
2
Let l(o) = -o - 7. Let y be l(-5). Let t(v) = -8*v - 3. What is the tens digit of t(y)?
1
Let y be ((-9)/6)/((-2)/4). Suppose -y*q + 0*n - 2*n + 4 = 0, -5*q = 2*n. Let z = q + 4. What is the units digit of z?
2
Suppose 0 = 3*w + 54 + 72. Let z = -6 - w. Let b = -20 + z. What is the units digit of b?
6
Suppose -4*u + 44 = -0*u. What is the tens digit of u?
1
Let a(h) = 4*h + 3. Let v be a(-2). What is the units digit of (-1 - 2 - v) + 12?
4
Let m(q) = -6*q**2 + 45*q + 46. Let a(h) = h**2 - 9*h - 9. Let b(u) = 11*a(u) + 2*m(u). What is the tens digit of b(-5)?
1
What is the units digit of (25/15)/(1/15)?
5
What is the units digit of (3 + 1)*(9 + -8)?
4
Let n(w) be the first derivative of -w**3/3 + 3*w**2 + 2*w + 2. Let y be n(5). Let g = y - 2. What is the units digit of g?
5
Let k = 0 - 0. Suppose 2*j + 26 = -4*s, -5*s - 6*j + 4*j - 31 = k. Let n(u) = u**3 + 4*u**2 - 5*u + 5. What is the units digit of n(s)?
5
Suppose 0 = -2*r - 0*r. Suppose r = 2*j + j. Suppose -4*x + 54 = 2*u, j*x + x + 5*u = 0. What is the units digit of x?
5
Let h be (-6)/(-5)*10/4. Let q(b) = h*b**2 - 6*b - 4*b**2 - b + 5. What is the units digit of q(-7)?
5
Suppose -5*q + 391 + 209 = 0. What is the hundreds digit of q?
1
Let y be 1/(0 + -3)*-3. Let x(h) = 3 - 3 + 10*h. What is the units digit of x(y)?
0
Let t be (1/(-3))/(3/(-27)). Suppose 2*g = g + t. What is the units digit of -2*g/(3/(-2))?
4
Let m = -49 + 83. Let x = 58 - m. Suppose 3*w - x - 15 = 0. What is the tens digit of w?
1
Suppose 5*l - l + 50 = 3*m, -2*m = -3*l - 33. What is the tens digit of m?
1
Suppose -3*g - 2*h = -753, 0 = -3*g - 0*h + 3*h + 738. What is the hundreds digit of g?
2
Suppose -5*s - 4*f + 95 = 0, 2*s + 3*f - 57 = -s. Let b = -17 - -22. Suppose p - s = -r, 4*r - 3*r + b*p - 35 = 0. What is the units digit of r?
5
Let g be (0 - (-2 + 0))*18. Suppose 6*h - 2*h - g = 0. What is the units digit of h?
9
Suppose 4*y = 5*s - 4, -2*y + 0 = -s + 2. Suppose s*x - 45 = 5*x. What is the units digit of -1 - x/(2 + 1)?
2
Suppose 3*d - 10 = -2*l + d, -18 = -3*l - 4*d. Suppose 0 = 2*z + l - 16. What is the units digit of z?
7
Let m(d) = d**3 - 6*d**2 - 6*d - 5. Let b be m(7). Suppose 0 = 7*z - b*z - 40. What is the units digit of z?
8
Let g be (-5)/((-5)/(-2)) - -2. What is the units digit of (-6)/2*-2 - g?
6
Let n be (168/(-9))/(-4)*-3. What is the units digit of n/21 + (-70)/(-6)?
1
Let s(o) = 2*o**2 - 2*o - 2. Let z be s(2). Suppose -z*p - 3*w = -34, 23 = -3*p + 4*p + 3*w. What is the tens digit of p?
1
Suppose -2*y = y + 24. Let p be 7/4 + (-2)/y. Suppose p*s = -4, f = -0*f - 3*s + 2. What is the units digit of f?
8
Let f be 4 - 0 - (-2)/(-1). Suppose k - f*k + 5 = 0. Let p = k - -4. What is the units digit of p?
9
Let v be 10/(-40) - 9/(-4). Suppose -3*k - v*p = -60, -24 = -3*k + 4*p + 36. What is the units digit of k?
0
Let c(a) = -a**3 - 18*a**2 + 2*a + 21. Let f be c(-18). What is the tens digit of (5 + f)/(2/(-8))?
4
Let p(o) = -o. Let z be (-84)/22 - (-2)/(-11). Let h be p(z). Suppose -5*v = 2*f - 4*v - 11, 5*f + h*v - 20 = 0. What is the units digit of f?
8
Let f(t) = -t**2 + 3*t + 3. Let k = 5 + -2. Let d be f(k). Suppose -d*m - m + 5*y + 9 = 0, 2*y + 7 = 5*m. What is the units digit of m?
1
Let f be 2 - 3*(-2)/(-3). Suppose f*i + i - 48 = 0. Let y = -32 + i. What is the tens digit of y?
1
Suppose 0*a = -5*a - 10. Let o be (10/4 + a)*-4. What is the units digit of o/2 - -1*2?
1
Suppose -3*y - 33 = -4*y. Let m = y - -16. What is the units digit of m?
9
Suppose -3*m = 2*g + 3 + 1, g - 4*m = 20. What is the units digit of g?
4
Suppose 2*x + 18 - 66 = 0. What is the units digit of x?
4
Suppose -k + 2 = -12. What is the units digit of k?
4
Suppose -4*b - 2*z + 124 = 0, -2*b + b - 4*z + 31 = 0. What is the tens digit of b?
3
Let t(s) = -s + 8. Let z be t(7). Let a(p) = 2 + p + p - 3. What is the units digit of a(z)?
1
Let l(z) = 3*z**2 + z - 7. Let m(w) = -5*w**2 - w + 14. Let c(g) = 7*l(g) + 4*m(g). What is the tens digit of c(-6)?
2
Let y = -10 + 16. Let c be (3 + y)*2/6. Suppose -3*d + c + 3 = 0. What is the units digit of d?
2
Let c(p) = 1 - 4*p + 2*p + 3*p. Let f = 3 + -1. What is the units digit of c(f)?
3
Let m(o) = -o**3 + 6*o**2 + 1. Let v be m(6). What is the tens digit of 711/27 - v/3?
2
Suppose -3*x = -3*k, 4*k - 3*k + 6 = 4*x. Suppose z = -k*z + 5*d + 33, -2*z = d - 9. What is the units digit of z?
6
Let i(f) = f**2 + f + 2. Let y be i(-2). Suppose 0 = -b + y - 2, -3*d + 4*b = -7. What is the units digit of d?
5
Let w(h) = 2*h**3 - 2*h**2 + 3*h - 3. Let a be w(2). Let n(x) = x**3 - 10*x**2 - 6*x - 15. What is the units digit of n(a)?
0
Suppose -28 = -4*n + 56. What is the units digit of n?
1
Let j be (2 + -1)/((-2)/24). Let q = -15 + 7. Let h = q - j. What is the units digit of h?
4
Suppose -6 = -c + 2*m - 3, -29 = -5*c - 4*m. What is the units digit of -2 + c - 245/(-7)?
8
Let a be 5*(-1 + 0)*-1. Suppose 4*l + a*b = 47, -3*b - 67 = -4*l - 4*b. What is the tens digit of l?
1
Suppose 4*g - 8 = 4*v, -9 = -4*g - v + 4. Suppose -a + g + 32 = c, 5*c = 2*a + 175. What is the units digit of c?
5
Let j(s) = -s**2 - s - 3. Let x = 0 + -3. Let l be j(x). Let g = l + 12. What is the units digit of g?
3
Suppose -5*d = 11 - 46. Let w(h) = -h**3 + 7*h**2 + h + 10. Let q be w(d). Suppose 3*n + 5*k = q, -n - 2*n + 2*k = -31. What is the units digit of n?
9
Let d = 12 - 4. Let z be ((-2)/2)/(3/(-9)). Suppose d + 1 = z*g. What is the units digit of g?
3
Let z = 195 + -96. What is the units digit of z?
9
Let t be 4/12 - (-2)/(-6). Suppose v + 5*v - 102 = t. What is the units digit of v?
7
Let k(r) = 57*r + 3. What is the units digit of k(1)?
0
Suppose 0 = -4*m + 5*v + 87, 0 = -4*v - v + 5. What is the tens digit of m?
2
Suppose -d - 6 = -4*d. Suppose -a = -d*a + 4. What is the units digit of a?
4
Suppose -24 = -x + 4*d - d, 3*d = -x + 30. What is the tens digit of (-209)/(-9) + (-6)/x?
2
Let h be (24/20)/(2/5). Let r be (1*-1 - -11) + 1. Suppose 0 = -h*z + 10 + r. What is the units digit of z?
7
Suppose 0 = -5*w + 2*w. What is the tens digit of (w - -7*2) + -2?
1
Let h(d) = d**3 - 7*d**2 + 5*d + 1. Let k be h(7). Suppose 4 - 8 = 2*p, 2*v - k = 5*p. Let m = v - 5. What is the units digit of m?
8
Let f(d) = d**3 - 10*d**2 + 3*d + 1. Let s(g) = 2*g**2 + 2*g - 2. Let y be s(2). What is the units digit of f(y)?
1
Let v(k) = 3*k**2 + 9*k - 1. Let z(d) = 1 - d - d**2 - 5*d + 2*d. Let r(g) = 2*v(g) + 5*z(g). What is the units digit of r(3)?
6
Let u be (1/(-3))/((-5)/75). Let n(v) = -v**2 + 8*v + 5. Let r(o) = 2*o**2 - 16*o - 11. Let a(f) = u*n(f) + 2*r(f). What is the units digit of a(8)?
3
Let f(j) = -4*j**3 + 2*j**2 - 2*j + 1. What is the tens digit of f(-4)?
9
Suppose 9*x = 3*x + 78. What is the tens digit of x?
1
Suppose 0 + 92 = 4*r. What is the units digit of r?
3
Suppose -u + 162 = 2*u. What is the units digit of u?
4
Let r = -27 - -18. Let w = -5 + r. What is the units digit of w/3*(0 - 3)?
4
Let r(k) be the second derivative of k**4/12 + k**3/6 - k. What is the units digit of r(4)?
0
Suppose -3*j = s - 143, -4*j + 2*s = 4*s